and 15.
15
Let i be 12*((-9)/(-6) - 1). Let k = 4 + i. Suppose -5*f + k = -0*f. What is the highest common factor of f and 16?
2
Let z(t) = 1 - 4*t + 6*t - 6*t + 3*t + 6*t**2. Let o be z(3). Let c be (8/6)/(-4)*-39. Calculate the greatest common divisor of o and c.
13
Let s = 61 + -30. Calculate the greatest common divisor of s and 31.
31
Let q = 29 + -7. Calculate the highest common divisor of 4 and q.
2
Suppose 3*y - y = 4. Let z be 44 - (y/(-1) + 2). Suppose -6*g + g + 3*h = -55, 11 = g + h. What is the highest common factor of g and z?
11
Suppose -5*p - 2*q + 442 = 0, q + q = -8. What is the highest common divisor of p and 18?
18
Suppose 2*s + s = 15. What is the greatest common divisor of 40 and s?
5
Let u = -13 + 25. Calculate the greatest common divisor of 48 and u.
12
Suppose -c = c - 26. Let w be 30/6*(-138)/(-10). Let o = w - 43. Calculate the greatest common divisor of o and c.
13
Let d be (-3)/((-3 - 1)/8). Let f = 141 - 99. Calculate the greatest common divisor of f and d.
6
Let l be (-2)/10 - 3676/(-5). Suppose 0 = 2*g + g - l. Suppose x + 4*x - 380 = 4*w, -3*x - w = -g. Calculate the highest common factor of 10 and x.
10
Let o = -32 - -60. What is the greatest common divisor of o and 42?
14
Let i be (2/(-2))/((-2)/34). Let h = i + -7. Calculate the greatest common factor of 50 and h.
10
Let n be ((-2)/(-1))/((-2)/9). Let p = n - -13. Calculate the greatest common divisor of 36 and p.
4
Suppose -2*y + 300 = -0*y. Suppose 3*m - 64 - 26 = 0. Calculate the greatest common factor of y and m.
30
Let a be 2/5 + 309/15. Calculate the greatest common divisor of a and 231.
21
Suppose 0 = -0*f + 4*f - 1012. Let h be 1 - (-116 - (1 - 3)). Suppose 6*t - h = t. What is the greatest common divisor of f and t?
23
Suppose -4*c + 96 = -c. Calculate the greatest common divisor of c and 16.
16
Suppose -r + 30 = 4*t, -59 = -5*r + 4*t - 5. Calculate the greatest common factor of 126 and r.
14
Let p be (3 + -3)/3*-1. Let w = p + 5. Suppose -125 = -3*t + 3*x - 17, w*x = 0. What is the greatest common factor of 4 and t?
4
Suppose -3*i + 150 = 2*d, -3*d + 0*d + 200 = 4*i. Calculate the highest common divisor of 125 and i.
25
Let i be (-4)/10 - 7259/(-85). What is the greatest common factor of 17 and i?
17
Let a = 77 + -41. Calculate the highest common factor of a and 9.
9
Let c = 1 + 59. Calculate the highest common divisor of c and 20.
20
Let n be (-8)/6*(-3)/2. Suppose 2 = 2*g - 5*b - 16, g - 3*b = 8. What is the greatest common factor of n and g?
2
Suppose 3*o = -o + 16. Suppose 4*v = -168 - 76. Let g = -37 - v. Calculate the highest common divisor of o and g.
4
Let j(u) = -u**3 + 3*u + 2. Let i be j(-2). Suppose -3*d = -12, i = 2*q - 3*q + 2*d. Suppose q*t - 6 = t. Calculate the greatest common factor of t and 22.
2
Let d = 431 + -232. Suppose 5*c - d = 121. What is the highest common divisor of 16 and c?
16
Let q(s) = 2*s**2 - s**2 - 9 - 4*s + 0*s**2. Suppose -2*z - z + 25 = 2*i, -z - i + 9 = 0. Let a be q(z). What is the greatest common factor of a and 6?
6
Let c be (-8 - 1)/(69/(-92)). Suppose 1 = -3*s + s - 3*z, s = 5*z - 20. Let b be (-480)/9*c/s. Calculate the highest common factor of 16 and b.
16
Suppose -4*g = -3*n + 6, 5*g + 1 = 3*n - 5. Suppose -3*d = -5*d + 4*p + 114, g = 2*p + 2. Suppose b = 25 + d. What is the highest common factor of b and 16?
16
Let s be (-1)/(-3) + (-2)/(-3). Let l(f) = -f + 4 + 9*f**2 - 2 - 1 - 2*f**2. Let n be l(s). What is the highest common factor of 49 and n?
7
Let w(u) = -u - 1. Let b be (-2)/(-4)*(7 - 9). Let d be w(b). Suppose d = -a + 5*a - 100. What is the greatest common divisor of a and 5?
5
Let k(n) = -n**2 + 13*n - 9. Let o be k(10). Suppose -2*b + 252 + 126 = 0. Calculate the highest common divisor of o and b.
21
Suppose 2*n - 88 = -5*j - 2*n, 24 = j + 4*n. Let h(w) = 28*w**3 + w. Let a be h(1). Suppose -a + 21 = -z. Calculate the greatest common divisor of z and j.
8
Suppose 19 = 2*g - 11. Suppose 6*r = 2*r + 120. What is the greatest common factor of r and g?
15
Suppose 5*c + 0*h + 5*h - 625 = 0, -c = -3*h - 105. Calculate the greatest common divisor of c and 15.
15
Let s = -11 - -8. Suppose -2*u = -0*u - 768. Let w be (s/(-2))/(8/u). Calculate the highest common divisor of 9 and w.
9
Suppose 5*b - 36 - 294 = 0. Let j(x) = 2*x**2 - 15*x - 2. Let k be j(8). Calculate the highest common factor of b and k.
6
Suppose -3*n + 3*t + 1380 = 0, n = -0*n - 3*t + 456. Calculate the highest common factor of n and 51.
51
Suppose -3*l = -5*p + p - 1024, p = 3*l - 1021. What is the highest common divisor of 34 and l?
34
Let i = 21 - 10. Calculate the greatest common factor of 121 and i.
11
Let c(j) = -2*j**2 - 7*j. Let q be c(-3). Calculate the greatest common factor of q and 3.
3
Let s be 6/8 + 444/(-16). Let y be (-3)/12 + s/(-12). What is the greatest common factor of y and 2?
2
Suppose -b - 26 + 7 = 0. Let m = b + 46. What is the highest common factor of 27 and m?
27
Suppose 0 = 2*z - 7*z + 15. Calculate the highest common factor of 9 and z.
3
Let u(k) = -2*k**3 - 4*k**2 + k - 8. Let h be u(-4). Calculate the greatest common divisor of 52 and h.
52
Let l = -85 - -99. Calculate the greatest common divisor of 21 and l.
7
Suppose -201 - 23 = -4*h. Let j be (-4)/6 + 88/6. What is the highest common factor of j and h?
14
Suppose -27 + 1 = -4*v + q, -2*v = 2*q - 8. Calculate the highest common factor of 21 and v.
3
Suppose 4*i + 0*i + 1020 = 0. Let m be ((-4)/(-5))/((-6)/i). Let q = -10 + m. Calculate the greatest common divisor of q and 12.
12
Suppose 2*k - 25 = 7*k, -30 = t + 3*k. Let y be 18/(-3 + t/(-3)). Calculate the highest common factor of 9 and y.
9
Suppose -50 + 8 = -3*s. What is the highest common divisor of 56 and s?
14
Let p = 1134 + -749. Let f be (-4)/(-6) - p/(-21). Let w = -1 - -96. What is the greatest common factor of w and f?
19
Let y be (-114)/4*(3 + -1). Let k(g) = -g**2 - g - 111. Let q be k(0). Let f = y - q. Calculate the greatest common factor of 9 and f.
9
Let t(d) = 145*d**3 + d - 2. Let l be t(1). Calculate the highest common factor of l and 24.
24
Suppose 0 = -4*s + 5*h + 257, -188 = s - 4*s - h. Suppose -s = -4*o + 33. What is the highest common divisor of o and 60?
12
Let o be (-80)/(-12)*12/10. What is the highest common factor of o and 88?
8
Let h(x) = x**3 + 6*x**2 - 10*x - 9. Let r be h(-7). Let i = r - 5. Calculate the highest common factor of 21 and i.
7
Let b = 140 + -68. Calculate the greatest common factor of b and 108.
36
Suppose 0 = -3*o + 2*a - 1, -3*a = -3*o - 0*a - 6. Let j(m) = -9*m - 3. Let p be j(-2). Suppose -2*s - p = -o*s. What is the highest common divisor of 10 and s?
5
Let q(a) = -a + 1. Let f(c) = 20*c**2 - 6*c + 6. Let u(x) = f(x) - 5*q(x). Let w be u(1). What is the highest common factor of w and 20?
20
Let d = -112 + 211. What is the highest common factor of 11 and d?
11
Let m be (2 - 4)/(-2 - 22/(-12)). Let v be ((-3)/2)/((-2)/144). Suppose z - v = -0*z. Calculate the greatest common factor of z and m.
12
Suppose 7 = -3*h - 11. Let i = h - -11. Suppose -v - 3*u = -61, v = -2*v - i*u + 175. Calculate the highest common divisor of 5 and v.
5
Suppose -231 + 14 = -7*g. What is the greatest common divisor of g and 124?
31
Let h = -75 + 135. Calculate the highest common divisor of 12 and h.
12
Let o be -5 + -1 + 1 + 1. Suppose 0*u - 3*u = 9. Let j be (-34)/u + o/(-6). What is the greatest common factor of j and 36?
12
Let w = -7 + 15. What is the highest common divisor of 40 and w?
8
Suppose 48 = 2*k - 4*v, -2*v = -0*k + k - 12. What is the highest common factor of k and 12?
6
Let a = 3 + 0. Suppose 0 = 4*u - a*l - 73, -3*u - 5*l + l = -61. Calculate the greatest common factor of u and 152.
19
Let q = 68 - 36. Let m = 39 - 23. What is the greatest common factor of q and m?
16
Let m = 102 + -91. What is the greatest common divisor of m and 33?
11
Let d(a) = a**3 + 10*a**2 - 14*a - 8. Let z be d(-11). Calculate the greatest common divisor of 25 and z.
25
Let s be (-1*4*-2)/((-4)/(-24)). Calculate the highest common factor of 60 and s.
12
Suppose 61 - 11 = 5*s. Suppose -9 = -5*q + 6. Suppose 0*f + q*f - 125 = 5*k, -3*k + 15 = 0. Calculate the greatest common factor of s and f.
10
Let o = -14 + 17. Let b = o - 0. What is the greatest common divisor of 2 and b?
1
L